h, 0 = 5*g + 2*h + 203. Let b = 118 + g. Suppose -5*d + 4*s = -401, -3*s + 1 = -d + b. What is the highest common factor of d and 9?
9
Let d be 132*((-150)/(-24) - 0 - 6). Calculate the greatest common factor of d and 2607.
33
Suppose -2*b - 120 = -5*q + 3*b, 0 = 2*q - b - 46. Calculate the highest common factor of 682 and q.
22
Suppose 0 = 5*o + f - 1233, 0 = o + 4*f - 234 - 5. What is the greatest common factor of 26 and o?
13
Let v(h) = 2*h**2 + 3*h + 4. Let i be v(-4). Let b = -3 - -3. Let y = b - -36. Calculate the greatest common divisor of i and y.
12
Let f be 5/10 - 2/(16/(-1196)). What is the highest common factor of f and 25?
25
Let k(i) = 2*i**2 - 32*i - 30. Suppose -3*s - 8 = -m + 2*s, -4*m + 66 = -3*s. Let f be k(m). What is the highest common factor of f and 98?
14
Suppose -3*p - 4 = -10. Suppose -p*i + 4*y = -172, -6*y + 93 = i - y. What is the greatest common divisor of i and 22?
22
Suppose -5*a = -3*m - 49, 16 + 1 = a - 3*m. Suppose 3*p - 106 = -4*l + 46, 4*p + 3*l - 212 = 0. What is the highest common divisor of a and p?
8
Suppose 0 = s - 2*h - 1314, 2*h = -10*s + 13*s - 3954. Calculate the greatest common factor of 60 and s.
60
Let r = 1 + 1. Suppose -r*d = 2*d - 12. Suppose 2*c + 24 = 4*c. What is the greatest common divisor of c and d?
3
Let u(b) = -b**2 + 7*b - 4. Let d be u(6). Suppose -5*r = 0, 0 = y - d*r - 2*r - 28. Calculate the highest common factor of y and 42.
14
Let l(p) = -3*p. Let s be l(-5). Suppose 0 = -5*g + 6*j - 5*j - 262, -2*g - 112 = 2*j. Let a = 98 + g. Calculate the greatest common factor of a and s.
15
Let v be 7 - 5 - (-1 - 3). Let h be (-20)/v*18/(-12). Suppose -96 = -4*r + 2*r - 3*k, -3*r - k = -137. What is the greatest common divisor of r and h?
5
Suppose 34 = 29*m - 3678. What is the highest common divisor of m and 16?
16
Let w(u) = u + 9. Let g(o) = -1. Let t(f) = -4*g(f) - w(f). Let n = 11 - 21. Let i be t(n). Calculate the greatest common factor of 35 and i.
5
Let i(p) = 6*p + 97. Let v be i(-28). Let h be 1*394/2*-1. Let y = v - h. Calculate the greatest common divisor of 18 and y.
18
Suppose -3*z - 303 = -5*a, -a - 5*z - 295 = -6*a. Let v be (-6)/((a/150)/(-7)). Calculate the greatest common factor of 10 and v.
10
Let k = 920 - 535. Suppose -5*h = 338 + 432. Let o = h + k. What is the highest common factor of o and 21?
21
Let h = -10 - -21. Suppose 0 = r - 4 - 0. Suppose u - 7 = -3*j, 6*u - r = 5*u. Calculate the greatest common factor of h and j.
1
Let x = 171 - 131. Calculate the highest common divisor of x and 360.
40
Let w(c) = 3*c - 17. Let n be w(10). Let t be 87*1 - (n - 13). What is the greatest common factor of t and 29?
29
Suppose 14 = -12*t + 38. Suppose c + t = 1, b - c - 91 = 0. What is the greatest common factor of 10 and b?
10
Let u = 81 - 77. Suppose 2*a - u = 68. What is the highest common divisor of 12 and a?
12
Suppose 58 = b - 2*s, 3*b = -0*b + 4*s + 182. Calculate the greatest common factor of 6 and b.
6
Let l(q) = -3*q**2 - 14*q - 17. Let y be l(-5). Suppose 35 = 3*a - 2*a. Let i = y + a. What is the highest common factor of 143 and i?
13
Let p(n) = n**3 + 7*n**2 - 21*n - 9. Let i be p(-9). Calculate the greatest common divisor of i and 12.
6
Suppose 4*v = -5*p + 165, 0 = 2*v - 5*p - 109 + 4. Suppose 17*o = 14*o + 108. Suppose 2*y - o = -2*y. What is the highest common factor of v and y?
9
Suppose -5*z = -4*q + z + 304, 4*z - 194 = -3*q. What is the highest common factor of 112 and q?
14
Let o be (13/((-325)/170))/(6/(-15)). What is the greatest common factor of 357 and o?
17
Suppose -2*x + x + 18 = 7*f, -2*x - 6 = 0. What is the greatest common factor of 69 and f?
3
Let l(a) = a**2 + 9*a - 13. Let h be l(-10). Let r be 374 - (4 + 12/h). Calculate the greatest common divisor of 34 and r.
34
Let i(s) = s**3 + 13*s**2 - 17*s - 10. Let q be i(-14). Let h be 3/(-4) + 76/q*2. What is the greatest common factor of h and 32?
4
Let n be (-26859)/(-33) - 8/(-88). What is the highest common divisor of 148 and n?
74
Let w be 6/(-3) - (2 + 0). Let f be (w/(-4))/(1/7). Calculate the greatest common divisor of f and 14.
7
Suppose 3*b = -3*c + 6, -3*c + 9 = 5*b - 1. Suppose -4*z - 4*r = r - 125, -r - 59 = -b*z. Calculate the highest common factor of z and 60.
30
Let n = -16 - -27. Let s(l) = -3*l**2 + 30*l - 6. Let b be s(10). Let m = b + 83. Calculate the greatest common divisor of m and n.
11
Let w be 164/3 + (-28)/(-12) + -2. What is the greatest common divisor of 44 and w?
11
Let j be 9/(-3) + (2 - 100/(-4)). Let p be 54/12 + (-2)/(-4). Let q be (-35)/(-3) - p/(-15). Calculate the greatest common factor of j and q.
12
Let z = 199 + -31. What is the highest common divisor of 72 and z?
24
Let x(o) = 27*o + 145. Let d be x(-4). Calculate the greatest common divisor of d and 148.
37
Let w(q) be the second derivative of -q**4/6 + 2*q**3/3 + 2*q**2 + 3*q. Let c be w(5). Let k = -16 - c. What is the highest common factor of k and 50?
10
Let t = -450 + 466. Calculate the greatest common factor of 48 and t.
16
Suppose -1596 = -14*f - 42. What is the greatest common divisor of f and 37?
37
Let j = 14 + -3. Suppose 8*c = j*c - 192. What is the highest common divisor of c and 8?
8
Suppose -11893 = -23*l - 1750. What is the highest common factor of l and 105?
21
Suppose -m = -t - 718, -3*m + 1316 = 2*t - 858. What is the highest common divisor of m and 38?
38
Let d = 2039 + -2029. Calculate the greatest common divisor of 2 and d.
2
Suppose 3*y + 60 = 8*y. Suppose -h + 296 = 4*r + 58, r - 5*h - 70 = 0. Calculate the highest common divisor of r and y.
12
Let t(j) = 3*j**2 + 3*j + 396. Let d be t(0). Calculate the greatest common factor of d and 36.
36
Suppose -21*a + 23*a = 12. Let s be (-29)/(-5) - a - 262/(-10). Calculate the greatest common divisor of 78 and s.
26
Let a = 421 + -356. What is the highest common divisor of 13 and a?
13
Let k = -59 + 71. Let o = 15 - k. Calculate the greatest common divisor of o and 1.
1
Let q(p) = -p**3 + 6*p**2 - 3*p + 6. Let w be q(5). Suppose o - 5*o + w = 0. Suppose o*v - 3*v = 3. What is the highest common divisor of 1 and v?
1
Suppose 7*y + 3*t = 6*y + 69, -5*y + 277 = -2*t. Suppose -y - 24 = -9*d. What is the highest common factor of d and 72?
9
Suppose 207 = -i + 24*i. What is the highest common divisor of i and 729?
9
Suppose 222 + 144 = 6*d. Let z = d + -17. Calculate the highest common divisor of z and 44.
44
Let l = 14 + -12. Suppose 16 + 140 = -5*p - 2*n, l*n = 4*p + 114. Let d be (4/3)/((-20)/p). Calculate the greatest common divisor of d and 14.
2
Let y = 570 - 294. Suppose 3*r - 4*o - 3 = 9, 6*r - 5*o = 42. What is the highest common factor of y and r?
12
Suppose 3*x - 2*v = -306, 0 = -3*x + 2*v + 2*v - 306. Let q = x + 129. What is the greatest common factor of 27 and q?
27
Let a(u) = -u**3 - u**2 + u. Let f(h) = 5*h**3 - h**2 - 3*h - 5. Let i(x) = 4*a(x) + f(x). Let b be i(8). Calculate the highest common divisor of 39 and b.
39
Let m = 345 + -191. Let r be (144/(-27) + -2)*(-2 - 1). What is the highest common factor of r and m?
22
Let v(i) be the second derivative of -i**5/20 + 2*i**4/3 - i**3 + 7*i**2 + 28*i. Let g be v(6). What is the greatest common divisor of g and 20?
10
Suppose -2156 = -9*j + 2605. Calculate the greatest common factor of 23 and j.
23
Let u = -55 + 67. Calculate the highest common divisor of u and 96.
12
Suppose -5*p = 20 + 10. Let m be (-2)/p + (-492)/(-9). Let w = -114 - -125. What is the highest common divisor of w and m?
11
Let d be 96/(-5)*(-100)/30. Suppose -3*h + 5*h = d. Calculate the highest common divisor of 16 and h.
16
Let z = 235 - 123. What is the greatest common divisor of z and 21?
7
Let i(a) = 25*a - 4. Let f be i(5). Let j(q) = -3*q**2 - 7*q + 5. Let o be j(-6). Let r = o + f. Calculate the greatest common divisor of 12 and r.
12
Let v = 2982 + -2293. What is the greatest common divisor of 26 and v?
13
Suppose -2*i + 4*l = i - 20, -5*i + 37 = -3*l. Let s = 65 + 45. Let n = -70 + s. What is the highest common divisor of i and n?
8
Let l = 24 - 23. Suppose 0 = x + 5. Let y(v) = v**3 + 6*v**2 + 6*v + 6. Let c be y(x). Calculate the highest common factor of l and c.
1
Let y be (-142)/(-6) - (-1)/3. Let r be ((-408)/16)/(-17)*(-32)/(-3). What is the highest common factor of y and r?
8
Suppose 7 = z + 3